he thousands digit of 342853?
2
What is the tens digit of 42903?
0
What is the hundred thousands digit of 4203550?
2
What is the ten thousands digit of 2624164?
2
What is the hundred thousands digit of 153241?
1
What is the hundreds digit of 977278?
2
What is the millions digit of 1420859?
1
What is the tens digit of 306976?
7
What is the thousands digit of 10298961?
8
What is the ten thousands digit of 414513?
1
What is the hundreds digit of 10684889?
8
What is the ten thousands digit of 9447957?
4
What is the millions digit of 1395874?
1
What is the thousands digit of 98160?
8
What is the units digit of 17599702?
2
What is the ten thousands digit of 19556912?
5
What is the hundreds digit of 513193?
1
What is the tens digit of 259154?
5
What is the hundred thousands digit of 123819?
1
What is the ten thousands digit of 1051475?
5
What is the thousands digit of 2440572?
0
What is the units digit of 663612?
2
What is the tens digit of 530072?
7
What is the ten thousands digit of 8006522?
0
What is the ten thousands digit of 5244417?
4
What is the hundreds digit of 5363315?
3
What is the hundred thousands digit of 6223125?
2
What is the hundred thousands digit of 199351?
1
What is the ten thousands digit of 5934162?
3
What is the units digit of 2904173?
3
What is the units digit of 13222001?
1
What is the hundred thousands digit of 20688804?
6
What is the thousands digit of 1779825?
9
What is the thousands digit of 6854009?
4
What is the hundreds digit of 91462?
4
What is the ten thousands digit of 1996635?
9
What is the hundred thousands digit of 937637?
9
What is the thousands digit of 3088350?
8
What is the units digit of 157032?
2
What is the thousands digit of 3070496?
0
What is the tens digit of 1065864?
6
What is the units digit of 1374054?
4
What is the hundred thousands digit of 188945?
1
What is the thousands digit of 893780?
3
What is the tens digit of 713293?
9
What is the tens digit of 13340?
4
What is the ten thousands digit of 182152?
8
What is the hundreds digit of 750921?
9
What is the hundred thousands digit of 195493?
1
What is the thousands digit of 8832807?
2
What is the thousands digit of 30278?
0
What is the units digit of 1204454?
4
What is the ten thousands digit of 6182858?
8
What is the hundred thousands digit of 129553?
1
What is the tens digit of 829926?
2
What is the hundreds digit of 8335?
3
What is the tens digit of 38117?
1
What is the units digit of 3034496?
6
What is the tens digit of 2989289?
8
What is the hundred thousands digit of 11674144?
6
What is the ten thousands digit of 6463819?
6
What is the tens digit of 3671223?
2
What is the hundreds digit of 5103568?
5
What is the ten thousands digit of 18295277?
9
What is the ten thousands digit of 410187?
1
What is the hundred thousands digit of 7771983?
7
What is the thousands digit of 7160235?
0
What is the tens digit of 130843?
4
What is the thousands digit of 68936?
8
What is the ten millions digit of 10384045?
1
What is the hundreds digit of 1686772?
7
What is the hundreds digit of 307746?
7
What is the hundreds digit of 989323?
3
What is the ten thousands digit of 145565?
4
What is the hundred thousands digit of 3929964?
9
What is the tens digit of 185238?
3
What is the ten thousands digit of 1437437?
3
What is the hundred thousands digit of 319714?
3
What is the thousands digit of 202862?
2
What is the millions digit of 1403851?
1
What is the tens digit of 4257240?
4
What is the ten thousands digit of 426569?
2
What is the tens digit of 34843?
4
What is the hundred thousands digit of 2481628?
4
What is the units digit of 1263072?
2
What is the tens digit of 752021?
2
What is the ten thousands digit of 4929639?
2
What is the units digit of 975589?
9
What is the hundred thousands digit of 1523313?
5
What is the thousands digit of 523797?
3
What is the tens digit of 26992456?
5
What is the hundred thousands digit of 454043?
4
What is the tens digit of 909450?
5
What is the units digit of 3682248?
8
What is the hundred thousands digit of 2688876?
6
What is the hundred thousands digit of 1406255?
4
What is the ten thousands digit of 3845312?
4
What is the hundred thousands digit of 395452?
3
What is the units digit of 6471390?
0
What is the tens digit of 950685?
8
What is the thousands digit of 9834673?
4
What is the ten thousands digit of 29102580?
0
What is the thousands digit of 3648005?
8
What is the units digit of 112660?
0
What is the hundred thousands digit of 17111574?
1
What is the ten thousands digit of 643649?
4
What is the hundreds digit of 544910?
9
What is the units digit of 6683783?
3
What is the units digit of 253718?
8
What is the millions digit of 1417570?
1
What is the ten thousands digit of 367288?
6
What is the millions digit of 8178315?
8
What is the thousands digit of 2113445?
3
What is the tens digit of 159789?
8
What is the ten thousands digit of 974876?
7
What is the hundreds digit of 3685027?
0
What is the hundreds digit of 275350?
3
What is the tens digit of 188288?
8
What is the units digit of 644242?
2
What is the ten thousands digit of 96488?
9
What is the ten thousands digit of 39979671?
7
What is the hundreds digit of 967352?
3
What is the hundred thousands digit of 28610861?
6
What is the millions digit of 3395755?
3
What is the ten thousands digit of 9707397?
0
What is the hundreds digit of 220861?
8
What is the tens digit of 1077745?
4
What is the hundreds digit of 968707?
7
What is the units digit of 23085568?
8
What is the tens digit of 4922410?
1
What is the hundred thousands digit of 2289228?
2
What is the tens digit of 2361104?
0
What is the units digit of 4954339?
9
What is the hundred thousands digit of 436713?
4
What is the ten thousands digit of 442992?
4
What is the hundreds digit of 523340?
3
What is the ten thousands digit of 6412064?
1
What is the hundred thousands digit of 2731539?
7
What is the ten thousands digit of 19314036?
1
What is the hundred thousands digit of 1697904?
6
What is the hundreds digit of 39263?
2
What is the ten thousands digit of 595154?
9
What is the units digit of 285016?
6
What is the ten millions digit of 13226719?
1
What is the hundreds digit of 4165927?
9
What is the tens digit of 706383?
8
What is the hundreds digit of 6495341?
3
What is the thousands digit of 8890?
8
What is the units digit of 385245?
5
What is the units digit of 439296?
6
What is the hundred thousands digit of 111012?
1
What is the hundred thousands digit of 3717633?
7
What is the units digit of 254904?
4
What is the millions digit of 6692381?
6
What is the hundreds digit of 231709?
7
What is the units digit of 11944666?
6
What is the ten millions digit of 17972228?
1
What is the ten thousands digit of 709316?
0
What is the thousands digit of 676463?
6
What is the thousands digit of 97099?
7
What is the hundred thousands digit of 659152?
6
What is the units digit of 14976362?
2
What is the hundreds digit of 326722?
7
What is the ten thousands digit of 1499051?
9
What is the thousands digit of 3879473?
9
What is the ten thousands digit of 2941754?
4
What is the hundreds digit of 2498823?
8
What is the thousands digit of 3135830?
5
What is the millions digit of 5967766?
5
What is the millions digit of 1751038?
1
What is the ten millions digit of 14048717?
1
What is the thousands digit of 78365?
8
What is the thousands digit of 2681079?
1
What is the ten millions digit of 21080619?
2
What is the tens digit of 1069867?
6
What is the tens digit of 1873217?
1
What is the ten thousands digit of 325511?
2
What is the thousands digit of 99386?
9
What is the hundred thousands digit of 165712?
1
What is the ten thousands digit of 1930172?
3
What is the ten thousands digit of 230526?
3
What is the hundreds digit of 3151065?
0
What is the thousands digit of 790186?
0
What is the tens digit of 248842?
4
What is the hundreds digit of 1527637?
6
What is the hundred thousands digit of 19177932?
1
What is the units digit of 777226?
6
What is the thousands digit of 184790?
4
What is the thousands digit of 26237?
6
What is the millions digit of 27406446?
7
What is the ten thousands digit of 21093318?
9
What is the thousands digit of 7457076?
7
What is the units digit of 391903?
3
What is the units digit of 428455?
5
What is the